e
Is 3 a factor of 2528589?
True
Does 22 divide 3508274?
True
Is 252883 a multiple of 11?
False
Is 8218353 a multiple of 11?
True
Does 295 divide 6288354?
False
Is 6752871 a multiple of 21?
False
Is 894 a factor of 14484588?
True
Is 9872 a multiple of 39?
False
Does 672 divide 26243911?
False
Does 257 divide 486950?
False
Is 253212 a multiple of 398?
False
Is 503 a factor of 351795?
False
Does 26 divide 12608726?
True
Is 108 a factor of 3610548?
True
Is 19 a factor of 1028185?
True
Is 4 a factor of 519568?
True
Is 320148 a multiple of 12?
True
Is 109045 a multiple of 43?
False
Does 329 divide 17833116?
True
Does 122 divide 913363?
False
Is 1642599 a multiple of 81?
True
Is 3599946 a multiple of 9?
True
Is 1455150 a multiple of 654?
True
Is 24 a factor of 28964?
False
Does 72 divide 562032?
True
Is 225895 a multiple of 56?
False
Is 773 a factor of 1318916?
False
Is 426242 a multiple of 152?
False
Does 68 divide 731272?
True
Does 356 divide 2213608?
True
Is 297203 a multiple of 27?
False
Is 34334 a multiple of 31?
False
Does 88 divide 26576?
True
Is 992017 a multiple of 557?
True
Does 7 divide 193092?
False
Is 377504 a multiple of 430?
False
Is 830332 a multiple of 25?
False
Is 448784 a multiple of 81?
False
Does 10 divide 1043250?
True
Does 15 divide 2317785?
True
Is 191 a factor of 14991?
False
Is 5177680 a multiple of 20?
True
Is 41 a factor of 248091?
True
Is 27 a factor of 3402?
True
Is 34 a factor of 193149?
False
Does 200 divide 64000?
True
Is 104649 a multiple of 76?
False
Does 139 divide 1997430?
True
Is 18 a factor of 86310?
True
Is 703 a factor of 5443871?
False
Is 1158010 a multiple of 994?
True
Does 44 divide 39947?
False
Is 7725538 a multiple of 247?
False
Is 535 a factor of 1595977?
False
Is 17 a factor of 2598?
False
Does 60 divide 1020000?
True
Is 7347440 a multiple of 46?
False
Is 2060781 a multiple of 554?
False
Does 6 divide 193626?
True
Is 3867360 a multiple of 48?
True
Is 16520069 a multiple of 1589?
False
Is 42 a factor of 900235?
False
Does 12 divide 7020177?
False
Is 6 a factor of 5700?
True
Is 491717 a multiple of 23?
True
Is 17 a factor of 3896009?
True
Is 326568 a multiple of 490?
False
Does 4 divide 609102?
False
Does 36 divide 153144?
True
Is 128492 a multiple of 4?
True
Is 14 a factor of 4236753?
False
Is 1448634 a multiple of 282?
True
Is 58 a factor of 71224?
True
Is 2136360 a multiple of 314?
False
Does 26 divide 5798312?
True
Does 171 divide 443206?
False
Is 23 a factor of 27977726?
False
Does 663 divide 21879?
True
Is 14 a factor of 87025?
False
Is 5633469 a multiple of 27?
True
Does 42 divide 106623?
False
Is 1579284 a multiple of 18?
True
Is 569 a factor of 353794?
False
Is 1008 a factor of 904176?
True
Is 7724228 a multiple of 92?
True
Does 157 divide 77863?
False
Is 6304592 a multiple of 16?
True
Is 169 a factor of 518831?
False
Does 601 divide 5828983?
False
Does 9 divide 4404344?
False
Is 6359718 a multiple of 57?
True
Is 646176 a multiple of 318?
True
Is 1413659 a multiple of 21?
False
Is 1434110 a multiple of 578?
False
Does 22 divide 10209078?
True
Does 11 divide 130084?
False
Does 746 divide 482802?
False
Is 2151686 a multiple of 9?
False
Is 3155744 a multiple of 243?
False
Is 10935762 a multiple of 1096?
False
Does 135 divide 333450?
True
Is 62 a factor of 131812?
True
Is 274964 a multiple of 52?
False
Is 211 a factor of 90519?
True
Does 56 divide 238896?
True
Does 98 divide 4374829?
False
Is 114 a factor of 172026?
True
Does 34 divide 1146089?
False
Is 9 a factor of 1180368?
True
Is 1671960 a multiple of 10?
True
Is 54 a factor of 2340568?
False
Is 21546 a multiple of 189?
True
Is 237 a factor of 109731?
True
Does 16 divide 335800?
False
Is 6522240 a multiple of 64?
True
Is 22 a factor of 121858?
True
Is 920379 a multiple of 19?
True
Is 40 a factor of 168960?
True
Does 43 divide 2207479?
False
Does 8 divide 267411?
False
Is 2049255 a multiple of 585?
True
Is 80 a factor of 18920393?
False
Is 19 a factor of 45480?
False
Is 279070 a multiple of 10?
True
Does 16 divide 490854?
False
Does 64 divide 1282816?
True
Is 508906 a multiple of 5?
False
Is 101852 a multiple of 68?
False
Does 12 divide 7275554?
False
Is 198 a factor of 220011?
False
Does 56 divide 2100163?
False
Does 4 divide 403020?
True
Is 57339 a multiple of 64?
False
Is 18031906 a multiple of 628?
False
Is 4 a factor of 21119?
False
Does 58 divide 8715138?
True
Is 141816 a multiple of 19?
True
Is 540 a factor of 2966760?
True
Is 147 a factor of 245027?
False
Does 280 divide 1097040?
True
Is 195 a factor of 13623675?
True
Is 10388 a multiple of 14?
True
Is 522536 a multiple of 24?
False
Is 393 a factor of 841413?
True
Is 1936431 a multiple of 441?
True
Is 2130 a multiple of 5?
True
Does 2 divide 179177?
False
Is 124 a factor of 350221?
False
Is 88 a factor of 540742?
False
Does 36 divide 81576?
True
Is 1581865 a multiple of 72?
False
Is 331 a factor of 761580?
False
Is 202 a factor of 497324?
True
Is 14 a factor of 164108?
True
Does 35 divide 1954590?
False
Is 5 a factor of 44885?
True
Does 62 divide 123580?
False
Does 6 divide 213018?
True
Is 598136 a multiple of 286?
False
Is 3409113 a multiple of 270?
False
Is 1806 a factor of 13954265?
False
Is 122 a factor of 3840926?
True
Is 356 a factor of 1092109?
False
Is 29 a factor of 799812?
False
Is 22711 a multiple of 13?
True
Is 44252 a multiple of 74?
True
Is 855424 a multiple of 92?
False
Does 504 divide 5666472?
True
Is 9018 a multiple of 18?
True
Is 227 a factor of 190573?
False
Is 17 a factor of 20468?
True
Is 88 a factor of 48840?
True
Does 49 divide 174495?
False
Is 5745585 a multiple of 6?
False
Is 1946065 a multiple of 41?
True
Does 215 divide 288745?
True
Is 17 a factor of 499273?
True
Is 9 a factor of 1491084?
True
Is 3 a factor of 24489?
True
Is 753 a factor of 7010569?
False
Does 10 divide 25920?
True
Is 78 a factor of 1481142?
True
Is 658335 a multiple of 201?
False
Is 642510 a multiple of 198?
True
Is 207 a factor of 243846?
True
Is 877041 a multiple of 99?
True
Is 33483 a multiple of 49?
False
Is 207144 a multiple of 504?
True
Is 73 a factor of 438236?
False
Does 8 divide 10256?
True
Is 31710 a multiple of 13?
False
Does 8 divide 780305?
False
Is 907300 a multiple of 20?
True
Is 307902 a multiple of 299?
False
Is 106 a factor of 649356?
True
Does 18 divide 957380?
False
Does 267 divide 243504?
True
Is 30 a factor of 303239?
False
Does 29 divide 256099?
True
Is 327540 a multiple of 636?
True
Does 805 divide 299498?
False
Is 165938 a multiple of 106?
False
Is 18 a factor of 10304748?
True
Is 31991 a multiple of 29?
False
Is 346726 a multiple of 53?
True
Is 252 a factor of 33864?
False
Is 15 a factor of 1275?
True
Is 1356732 a multiple of 234?
True
Is 9745065 a multiple of 9?
True
Does 15 divide 961455?
True
Is 1375 a multiple of 25?
True
Is 519920 a multiple of 1072?
True
Is 492 a factor of 2644767?
False
Does 57 divide 363318?
True
Is 11475 a multiple of 51?
True
Is 20433227 a multiple of 1506?
False
Is 7938976 a multiple of 62?
True
Is 85 a factor of 6913475?
True
Is 75 a factor of 20875?
False
Does 73 divide 2140214?
True
Does 6 divide 305052?
True
Is 1344841 a multiple of 41?
True
Is 333419 a multiple of 40?
False
Does 375 divide 1648500?
True
Is 45 a factor of 3996765?
True
Does 53 divide 65296?
True
Is 104 a factor of 378603?
False
Does 20 divide 111180?
True
Is 9 a factor of 3761033?
False
Does 23 divide 168820?
True
Is 204831 a multiple of 479?
False
Does 4 divide 100044?
True
Is 62 a factor of 15763904?
False
Does 122 divide 2020896?
False
Is 28 a factor of 94276?
True
Is 22950 a multiple of 34?
True
Is 261329 a multiple of 11?
False
Does 19 divide 1945144?
True
Is 588700 a multiple of 290?
True
Is 16 a factor of 528688?
True
Does 16 divide 230941?
False
Is 1269 a factor of 10666347?
False
Is 38340 a multiple of 20?
True
Is 352 a factor of 3504268?
False
Is 16 a factor of 1338?
False
Does 57 divide 152361?
True
Does 113 divide 395016?
False
Does 10 divide 456750?
True
Does 12 divide 392838?
False
Does 508 divide 3749019?
False
Is 4 a factor of 18351?
False
Is 362391 a multiple of 267?
False
Is 9 a factor of 804622?
False
Is 10269168 a multiple of 728?
True
Is 66195 a multiple of 6?
False
Is 525800 a multiple of 88?
True
Is 107 a factor of 76296?
False
Is 44 a factor 